3) in base 16?
-2ed
-a357 (base 13) to base 2
-101100000010101
1893 (base 10) to base 16
765
What is 1367 (base 8) in base 11?
630
Convert 40a2 (base 13) to base 9.
13211
What is -1b73 (base 12) in base 13?
-1716
What is 516 (base 13) in base 11?
716
-12203 (base 4) to base 5
-3134
What is 68f (base 16) in base 5?
23204
What is -19db (base 14) in base 5?
-122301
What is -19c (base 15) in base 6?
-1420
-143343 (base 5) to base 14
-2318
What is -1001 (base 6) in base 15?
-e7
Convert 5731 (base 12) to base 14.
375b
Convert 987 (base 14) to base 13.
b1b
24312 (base 5) to base 6
12252
What is -1000100111001101 (base 2) in base 13?
-13098
Convert -20132 (base 4) to base 10.
-542
Convert 84 (base 10) to base 14.
60
Convert 1411 (base 6) to base 11.
304
1048 (base 11) to base 2
10101100111
What is 27046 (base 8) in base 11?
8970
What is 21011 (base 4) in base 11?
489
Convert -52210 (base 6) to base 3.
-100120220
3133 (base 6) to base 15
320
595 (base 12) to base 15
3a8
Convert 522 (base 6) to base 3.
21012
519 (base 10) to base 7
1341
Convert -1001110111100 (base 2) to base 14.
-1bac
Convert -1011100000001 (base 2) to base 5.
-142024
Convert -1233425 (base 6) to base 14.
-1a54d
-9152 (base 10) to base 2
-10001111000000
548 (base 9) to base 16
1c1
10021122 (base 3) to base 11
1886
What is -2168 (base 12) in base 14?
-14ac
Convert -120 (base 3) to base 2.
-1111
c270 (base 13) to base 12
13609
15251 (base 12) to base 16
741d
-10458 (base 9) to base 14
-2758
Convert 1013 (base 9) to base 5.
10431
Convert 1494 (base 12) to base 14.
c48
Convert -20236 (base 10) to base 14.
-7536
Convert 3872 (base 11) to base 12.
2b00
Convert 7419 (base 10) to base 8.
16373
-7825 (base 9) to base 10
-5774
What is e38 (base 15) in base 5?
100303
12330022 (base 4) to base 10
28426
Convert -3060 (base 11) to base 7.
-14556
Convert b2 (base 15) to base 9.
205
What is 351431 (base 6) in base 2?
111010111101011
Convert -4013 (base 6) to base 2.
-1101101001
1101100101 (base 2) to base 6
4005
Convert 168a0 (base 12) to base 15.
98d6
Convert -819 (base 10) to base 5.
-11234
Convert 474 (base 13) to base 2.
1100000011
Convert 2023213 (base 4) to base 8.
21347
1fc4 (base 16) to base 15
2622
What is -213 (base 16) in base 8?
-1023
Convert 11101122 (base 4) to base 9.
32553
Convert -917 (base 10) to base 2.
-1110010101
Convert 10330 (base 4) to base 8.
474
What is 20013 (base 4) in base 15?
249
422 (base 6) to base 3
12212
Convert -61539 (base 10) to base 13.
-2201a
-101010010101 (base 2) to base 5
-41314
Convert -2315 (base 6) to base 12.
-39b
Convert -17b (base 15) to base 3.
-110122
Convert -542 (base 9) to base 3.
-121102
What is -1121310 (base 4) in base 16?
-1674
Convert -268 (base 15) to base 11.
-459
What is 3f5 (base 16) in base 13?
5cc
Convert 100000100000110 (base 2) to base 4.
10010012
Convert -4212 (base 5) to base 16.
-22d
cc (base 13) to base 4
2220
-13a63 (base 13) to base 4
-21000323
What is -b2a0 (base 12) in base 8?
-45730
What is 10110101011 (base 2) in base 7?
4142
What is 2665 (base 11) in base 12?
2003
Convert 684 (base 15) to base 16.
5c2
What is 20432 (base 5) in base 3?
1212122
-111110101 (base 2) to base 13
-2c7
What is 103403 (base 5) in base 12?
2103
What is -5122 (base 15) in base 5?
-1022012
Convert 6106 (base 8) to base 14.
1206
Convert 111122 (base 3) to base 12.
268
What is -10 (base 13) in base 3?
-111
Convert edd (base 15) to base 9.
4541
Convert -488 (base 10) to base 7.
-1265
What is 30 (base 5) in base 11?
14
Convert -43 (base 8) to base 12.
-2b
12212111 (base 3) to base 9
5774
What is 5554 (base 15) in base 8?
43237
-1606 (base 13) to base 15
-e47
Convert -18631 (base 9) to base 8.
-31153
What is 42 (base 12) in base 4?
302
Convert -1646 (base 9) to base 11.
-a43
What is 3413 (base 9) in base 14?
cc3
What is 674 (base 8) in base 10?
444
Convert 4132 (base 5) to base 9.
662
Convert -10885 (base 9) to base 15.
-225b
Convert -1011302 (base 5) to base 15.
-4d1c
What is 4228 (base 10) in base 3?
12210121
What is -124015 (base 7) in base 16?
-59d1
-681 (base 9) to base 11
-469
Convert 30 (base 7) to base 8.
25
What is 1242 (base 8) in base 6?
3042
Convert 104233 (base 5) to base 9.
5053
Convert -7bdb (base 16) to base 8.
-75733
What is -2301301 (base 4) in base 5?
-331002
What is -1302231 (base 4) in base 14?
-2965
22112 (base 5) to base 8
2774
What is -110100110 (base 2) in base 13?
-266
-26828 (base 10) to base 3
-1100210122
Convert -1001222 (base 3) to base 12.
-552
-201001122 (base 3) to base 5
-421040
-813 (base 13) to base 2
-10101011000
Convert -54486 (base 9) to base 6.
-435123
What is 100111111 (base 2) in base 12?
227
Convert -37551 (base 9) to base 11.
-17a63
What is 44c9 (base 14) in base 8?
27241
What is 2001220212 (base 3) in base 9?
61825
Convert -1178 (base 13) to base 16.
-9a1
1000012 (base 4) to base 11
309a
Convert -1130312 (base 4) to base 8.
-13466
Convert -1356 (base 11) to base 3.
-2102000
-218a6 (base 12) to base 14
-122d0
Convert 112525 (base 6) to base 12.
5745
22202 (base 3) to base 13
152
Convert -336 (base 9) to base 7.
-543
Convert -10111021 (base 3) to base 5.
-40140
Convert -562 (base 8) to base 7.
-1036
What is -13311 (base 4) in base 8?
-765
What is -14b8 (base 15) in base 9?
-6082
-320132 (base 5) to base 4
-2212223
What is 1126 (base 9) in base 11?
699
210102 (base 3) to base 7
1454
What is 613 (base 8) in base 5?
3040
Convert -2330 (base 7) to base 14.
-450
What is 509b (base 12) in base 8?
21067
Convert -75 (base 12) to base 6.
-225
What is 253 (base 13) in base 4?
12112
Convert -b29 (base 13) to base 4.
-131212
Convert -11200120 (base 3) to base 5.
-102132
Convert -161042 (base 7) to base 11.
-21805
10113 (base 5) to base 11
549
60 (base 15) to base 6
230
Convert 18c (base 15) to base 5.
2412
Convert -12012 (base 5) to base 6.
-4030
What is -b10 (base 12) in base 7?
-4440
What is -2038 (base 9) in base 7?
-4232
What is 490 (base 15) in base 6?
4443
Convert 8105 (base 12) to base 8.
33225
What is -12020021 (base 3) in base 15?
-11e4
103110 (base 4) to base 12
870
-1284 (base 13) to base 10
-2643
What is 220210 (base 3) in base 15?
2e9
What is 11051 (base 8) in base 9?
6335
What is -1222 (base 7) in base 15?
-207
What is -4054 (base 6) in base 2?
-1110000010
What is aa04 (base 11) in base 4?
3202330
What is 205034 (base 6) in base 5?
1013104
Convert 998a (base 15) to base 3.
1122121211
What is -9927 (base 10) in base 9?
-14550
What is -1112202 (base 3) in base 4?
-101213
-241 (base 12) to base 10
-337
Convert 2558 (base 11) to base 14.
12dc
Convert -3699 (base 10) to base 8.
-7163
What is -21220 (base 4) in base 6?
-2504
-264530 (base 7) to base 4
-30013322
What is -868 (base 9) in base 3?
-222022
What is 406 (base 9) in base 12?
236
What is -176 (base 12) in base 15?
-109
What is -10100011011 (base 2) in base 15?
-5c2
Convert 503 (base 12) to base 13.
438
What is 337 (base 13) in base 2?
1000101001
What is -1184 (base 12) in base 5?
-30342
Convert 14535 (base 9) to base 4.
2122322
Convert -1441 (base 5) to base 13.
-15c
What is 23004 (base 7) in base 13?
286b
fc6a (base 16) to base 10
64618
Convert 3434 (base 8) to base 2.
11100011100
Convert -2550 (base 10) to base 5.
-40200
-21222 (base 7) to base 11
-3a51
What is -11230 (base 13) in base 15?
-935a
What is 439 (base 16) in base 7?
3103
-11001110101011 (base 2) to base 6
-141123
-633 (base 7) to base 8
-476
118 (base 11) to base 14
a0
What is 606 (base 12) in base 8?
1546
-2626 (base 7) to base 16
-3e8
Convert -591 (base 10) to base 6.
-2423
Convert 4d6 (base 14) to base 11.
804
What is 9fa (base 16) in base 2?
100111111010
-21471 (base 8) to base 2
-10001100111001
Convert -644 (base 10) to base 3.
-212212
23 (base 16) to base 5
120
-337 (base 9) to base 4
-10111
-77 (base 11) to base 5
-314
-8e61 (base 15) to base 6
-352001
20201212 (base 3) to base 16
132e
Convert -32110 (base 5) to base 4.
-201223
What is -22021 (base 4) in base 8?
-1211
Convert -27468 (base 9) to base 10.
-18611
Convert -311031 (base 4) to base 6.
-23433
What is 3743 (base 8) in base 10?
2019
12220 (base 3) to base 8
237
What is -111101110 (base 2) in base 10?
-494
Convert 2663 (base 7) to base 5.
13100
2480 (base 9) to base 4
130332
Convert 40cc (base 14) to base 2.
10101110010100
2a835 (